47160. Calculate i(4).
-4
Let f(o) = 1843*o - 648736. Calculate f(352).
0
Let d(r) = 35*r**2 - 3847*r - 8210. What is d(112)?
-34
Let t(q) = -12*q**3 + 9*q**2 + 12122*q - 12130. Determine t(1).
-11
Let v(o) = 10327*o - 1043034. Give v(101).
-7
Let w(i) = 535*i - 22287. What is w(42)?
183
Let m(z) = z**2 - 37*z + 914. Give m(27).
644
Let f(n) = n**2 + 4135*n + 12391. Give f(-3).
-5
Let n(o) = o**3 - 8*o**2 - 2*o + 76. Give n(10).
256
Let t(d) = -2398*d**2 - 12112*d - 6. What is t(-5)?
604
Let p(s) = s**3 + 87*s**2 - 3114*s + 63. Determine p(26).
-4513
Let j(c) = -37*c**2 + 1176*c + 8232. Determine j(-7).
-1813
Let i(n) = -n**3 - 1137*n**2 + 23063*n + 1545. Calculate i(20).
5
Let h(c) = 471823*c + 9436459. Determine h(-20).
-1
Let q(b) = -b**3 + 45*b**2 - 49*b + 182. Calculate q(44).
-38
Let w(u) = -u**3 + 57*u**2 + 214*u - 2015. Give w(60).
25
Let q(d) = 182*d**3 - 29*d**2 + 55*d + 7. What is q(2)?
1457
Let r(k) = -k**3 + 10*k**2 + 14440*k - 130044. What is r(9)?
-3
Let t(j) = -5*j**3 + 340*j**2 - 2032*j + 5. Calculate t(7).
726
Let q(u) = -u**3 - 28*u**2 - 113*u - 380. Determine q(-24).
28
Let m(t) = 1820*t + 25155. Determine m(-14).
-325
Let s(l) = 3*l**3 - 4*l**2 - 44*l + 316. What is s(9)?
1783
Let t(k) = -k**3 + 650*k**2 - 31*k + 19163. What is t(650)?
-987
Let s(k) = -k**3 - k**2 - 910*k - 4662. Calculate s(-5).
-12
Let y(p) = -p**2 + 7423*p + 1004957. What is y(-133)?
9
Let c(o) = -9*o**2 + 79*o - 47. Give c(8).
9
Let a(m) = 4195*m + 1866777. What is a(-445)?
2
Let g(z) = 28*z + 2078. What is g(-50)?
678
Let j(a) = a**3 + 10*a**2 + 390*a + 3415. What is j(-9)?
-14
Let u(w) = 68*w**2 - 181*w - 180. Calculate u(-1).
69
Let s(w) = -1703*w + 32430. What is s(19)?
73
Let b(x) = 16*x**3 - 756*x**2 + 188*x - 74. What is b(47)?
-74
Let m(u) = -927*u - 119590. Calculate m(-129).
-7
Let a(c) = -2*c**3 + 132*c**2 - 1893*c - 3683. Calculate a(43).
-28
Let p(z) = -4155*z**2 + 10*z + 32. Calculate p(0).
32
Let t(x) = -2*x**3 + 34*x**2 - 15*x - 254. Determine t(16).
18
Let s(w) = w**3 + 47*w**2 + 372*w + 15. Give s(-10).
-5
Let d(z) = 918*z - 122097. Determine d(133).
-3
Let p(f) = 2*f**2 - 710*f - 6627. Calculate p(364).
-75
Let p(y) = 229*y**3 - 1148*y**2 - 79*y + 385. Calculate p(5).
-85
Let r(j) = 80*j**2 + 1393*j - 14. Determine r(-17).
-575
Let u(g) = -3*g**2 - 550*g + 15618. What is u(25)?
-7
Let z(i) = -260533*i + 31003431. Calculate z(119).
4
Let n(k) = 87*k**2 + 134*k + 5. Give n(-5).
1510
Let n(f) = f**3 - 12*f**2 - 8658*f + 17347. Give n(2).
-9
Let y(z) = 132*z - 17805. What is y(130)?
-645
Let j(r) = r**2 - 19037*r + 285103. Determine j(15).
-227
Let c(j) = 8*j**3 - 72*j**2 - 3508*j - 728. Give c(26).
0
Let j(p) = -2*p**2 + 11350*p + 2144031. What is j(-183)?
3
Let s(f) = f**3 - 95*f**2 + 301*f - 2307. Determine s(92).
-7
Let o(q) = 7555*q - 1103093. Give o(146).
-63
Let v(f) = f**3 + 12*f**2 - 11*f + 1. Calculate v(1).
3
Let v(y) = -y**3 - 12*y**2 + 28*y + 3411. Determine v(-23).
8586
Let w(m) = -589*m - 6195. Determine w(-12).
873
Let s(o) = o**3 - 14*o**2 - 277*o + 28. What is s(25)?
-22
Let d(r) = 31414*r - 1445040. Calculate d(46).
4
Let x(g) = -g**3 - 8*g**2 + 301*g + 3157. Calculate x(-11).
209
Let o(d) = -d**3 + 59*d**2 - 375*d + 8636. Determine o(55).
111
Let r(g) = -g**3 + 20*g**2 + 394*g - 92. Determine r(32).
228
Let v(m) = -174*m - 1282. Determine v(-5).
-412
Let f(w) = 127710*w - 1149385. Give f(9).
5
Let w(i) = 61214*i + 2387311. Give w(-39).
-35
Let j(o) = -2*o**3 + 36*o**2 + 83*o - 277. Calculate j(20).
-217
Let s(w) = 2*w**3 + 158*w**2 + 155*w + 44. Determine s(-78).
122
Let a(j) = 2*j**3 - 139*j**2 + 80*j - 327. Calculate a(69).
432
Let n(x) = 443*x + 9879. Give n(-23).
-310
Let l(w) = -11755*w + 70364. Calculate l(6).
-166
Let b(h) = -479*h**2 + 2910*h - 76. Calculate b(6).
140
Let x(f) = f**3 + 460*f**2 - 409*f + 23885. Calculate x(-461).
-87
Let z(n) = 36*n**2 - 306*n - 40364. Calculate z(38).
-8
Let q(z) = -z**3 + 117*z**2 - 2446*z + 1443. Give q(90).
3
Let i(o) = o**3 + 161*o**2 - 3*o + 570. Calculate i(-161).
1053
Let p(b) = -b**3 + 51*b**2 - 182*b + 3972. What is p(49)?
-144
Let p(l) = 46*l**2 + 1425*l - 26. Calculate p(-31).
5
Let q(j) = 148*j**2 + 1848*j - 11. Calculate q(-12).
-875
Let p(m) = 2*m**3 + 20*m**2 - 347*m - 421. Give p(-17).
1432
Let f(j) = 63*j + 888. Give f(-4).
636
Let g(i) = -i**3 - 59*i**2 + 6*i - 11178. Determine g(-62).
-18
Let y(u) = 35*u**2 + 436*u + 1096. What is y(-9)?
7
Let a(z) = z**3 - 11*z**2 - 2522*z + 22865. Give a(9).
5
Let u(g) = 6*g**3 + 157*g**2 + 314*g + 7490. Give u(-26).
2
Let n(b) = b**3 + 225*b**2 - 1400*b - 11. Calculate n(6).
-95
Let t(b) = -136*b + 17171. Give t(131).
-645
Let i(h) = 345*h - 32319. Calculate i(95).
456
Let i(s) = -65*s**2 - 501*s - 364. Give i(-7).
-42
Let l(x) = -4062*x - 73105. What is l(-18)?
11
Let o(w) = 301*w + 240594. Give o(-799).
95
Let g(w) = -2*w**2 + 1021*w - 130199. Calculate g(248).
1
Let l(o) = -2*o**3 - 128*o**2 + 963*o - 24. Determine l(7).
-241
Let n(p) = p**3 - 24*p**2 - 342*p + 322. Determine n(-11).
-151
Let v(z) = 1675*z + 37631. Give v(-23).
-894
Let w(s) = 2*s**2 - 105*s - 2756. What is w(73)?
237
Let t(j) = -3003*j**3 + 49*j**2 + 77*j + 29. Determine t(-1).
3004
Let v(s) = -4*s**2 - 1334*s - 111156. What is v(-171)?
-6
Let d(s) = s**3 - 71*s**2 + 925*s - 109. Determine d(17).
10
Let s(p) = 8347261*p + 25041787. Determine s(-3).
4
Let l(q) = 26*q**2 + 413*q + 19. What is l(-16)?
67
Let t(w) = -8725*w - 35430. What is t(-4)?
-530
Let m(t) = -250009*t - 4000137. What is m(-16)?
7
Let u(z) = -z**3 + 9*z**2 - 31634*z + 189705. Calculate u(6).
9
Let g(q) = -18*q**2 + 4966*q - 112. What is g(276)?
-664
Let x(h) = -7*h**2 + 139*h - 509. Give x(5).
11
Let k(z) = 77*z**2 + 3190*z + 1332. Calculate k(-41).
-21
Let x(a) = -1367*a**3 + 20501*a**2 + 58*a - 45. Give x(15).
-75
Let s(q) = -4974*q**2 - 4588*q + 1. Calculate s(-1).
-385
Let r(p) = 58238*p + 232731. Determine r(-4).
-221
Let h(o) = -11*o**3 - 149*o**2 + 6481*o - 478. Calculate h(-32).
2
Let y(q) = q**3 - 20*q**2 - 13*q - 319. What is y(17)?
-1407
Let z(x) = 13*x**3 - 146*x**2 + 15*x + 62. What is z(11)?
-136
Let d(w) = -302*w + 2042. Calculate d(8).
-374
Let u(d) = 30*d**2 - d - 2271. Calculate u(0).
-2271
Let p(c) = -72449*c - 16373480. What is p(-226)?
-6
Let t(b) = -b**3 - 105*b**2 - 595*b + 75. What is t(-99)?
174
Let g(n) = 62289*n - 685178. Calculate g(11).
1
Let g(u) = u**3 + 11*u**2 - 570*u + 3. Calculate g(19).
3
Let m(u) = -190*u + 322. Give m(-3).
892
Let d(s) = 60898*s + 974359. Determine d(-16).
-9
Let t(p) = 2*p**2 + 3096*p + 27706. Give t(-9).
4
Let x(m) = m**3 + 477*m**2 - 1493*m - 25463. Calculate x(-480).
-23
Let f(c) = 287*c**3 + 8029*c**2 - 205*c - 244. Calculate f(-28).
8
Let i(p) = -2*p**3 + 317*p**2 - 11235*p + 2. Give i(105).
2
Let n(v) = 60138*v - 300758. Determine n(5).
-68
Let n(j) = -j**3 - 61*j**2 + 382*j + 2457. Determine n(-66).
-975
Let c(n) = -391*n + 2355. What is c(11)?
-1946
Let p(g) = -g**3 + 8*g**2 - 88*g + 613. Determine p(7).
46
Let m(v) = -v**3 - 34*v**2 - 23*v + 339. What is m(-33)?
9
Let m(g) = 2*g**2 - 123*g + 818. Give m(54).
8
Let l(r) = 12850*r - 38133. Determine l(3).
417
Let h(i) = 2*i**3 - 603*i**2 + 17015*i - 1353. Calculate h(270).
-3
Let m(a) = 20*a**2 - 461*a - 418. Calculate m(24).
38
Let q(v) = -848*v + 133953. Determine q(158).
-31
Let l(j) = j**2 + 340701*j + 2725538. Calculate l(-8).
-6
Let p(r) = r**3 - 16*r**2 - 39*r + 504. Calculate p(10).
-486
Let v(h) = -h**3 - 14*h**2 + 194*h + 1354. Determine v(-6).
-98
Let f(y) = -2*y**3 - 55*y**2 + 352*y + 6359. What is f(-30)?
299
Let h(k) = -k**3 - 71*k**2 + 190*k + 18325. What is h(-70)?
125
Let i(a) = 107*a**2 - 1149*a + 3092. What is i(7)?
292
Let x(c) = c**3 + 15*c**2 - 164*c - 1952. Determine x(-15).
508
Let t(q) = -8*q**2 + 29*q - 213. Give t(12).
-1017
Let x(i) = -i**3 + 182*i**2 + 944*i - 1740. Calculate x(187).
-57
Let p(z) = -z**3 - 123*z**2 + 1466*z + 72279. Determine p(-130).
-1
Let o(l) = 2*l**3 + 43*l**2 + 82*l + 350. What is o(-20)?
-90
Let m(z) = -z**3 - 401*z**2 - 10820*z - 11908. What is m(-372)?
-4
Let y(m) = m**3 - 79*m**2 - 4598*m + 150. Give y(-39).
-6
Let k(j) = -3648*j + 116631. Calculate k(32).
-105
Let j(h) = 11874*h - 190647. What is j(16)?
-663
Le